ds digit of h(-3)?
1
Let t = 49 - -5. Let g be 2 - 5 - t/(-6). Suppose 35 + 193 = g*j. What is the tens digit of j?
3
Let s = -34 - -47. Let n = s - 15. What is the tens digit of (n - -1)/((-2)/38)?
1
Suppose z = -3 + 4, -2*z = -2*m + 2. Suppose m*f - 4*t - 296 = 0, -3*f - 3*t + 286 = -167. What is the hundreds digit of f?
1
Let g(i) = 4*i**3 + 2*i**2 - 2*i + 11. Let s be g(4). Suppose -s - 213 = -3*t. What is the units digit of t?
8
Let a(w) be the second derivative of w**5/60 - w**4/24 - w**3/3 + 2*w**2 + w. Let r(n) be the first derivative of a(n). What is the tens digit of r(-4)?
1
Let t be 4/(-9)*45/(-10). Suppose 5*j = -2*g - t, 0 = 2*j - 0*j - g - 1. Suppose n + 36 = 2*s - 23, 4*s - 3*n - 119 = j. What is the units digit of s?
9
Let v(y) = -y**3 + y**2 - y - 44. Let s be v(0). Let q = -25 - s. Suppose -2*j + 9 = -q. What is the units digit of j?
4
Let z(j) = -j**3 + 6*j**2 + 3. Let l be z(5). Suppose 158 + l = 3*g. What is the tens digit of g?
6
Let d(y) = 56*y + 1. Let p be d(1). Let z be (-2)/(-6) - 3*354/27. Let h = p + z. What is the units digit of h?
8
What is the hundreds digit of 11 + -3 + 2550/3?
8
What is the tens digit of (6/(-8)*(30 - -310))/(-1)?
5
Let f = 196 - 145. What is the tens digit of f?
5
Let b(j) = j**2 + j - 2. Let m be b(2). Let u be (-50)/5 - -5 - -4. What is the units digit of (-5)/(u*(5 - m))?
5
Let l = 336 + -273. What is the units digit of l?
3
Let y(h) = h**3 - 3*h**2 - h - 73. What is the units digit of y(8)?
9
Suppose 0 = 4*r - 0*r + 4*z - 8, 4*z - 11 = -5*r. Suppose -2*n = -3*n + 2*b - 5, r*n + 9 = 3*b. What is the units digit of (-1197)/(-54) - n/(-6)?
2
Let b = -16 + 18. Suppose 0 = -3*z - 5*j - 931, 0 = -2*z - 4*j + b*j - 622. What is the units digit of z/(-8)*4/6?
6
Let h(o) = 57*o**2 + 13*o + 23. What is the tens digit of h(-2)?
2
Let f = 43 - 17. Suppose -v + 16 = -f. What is the tens digit of v?
4
What is the hundreds digit of 6/16 - (-41934)/48?
8
Let y = 33 - 33. Suppose 5*n = 5*a - 4*a + 1130, y = -4*n + a + 903. What is the hundreds digit of n?
2
Let m = 259 - 140. Let c = -78 + m. What is the units digit of c?
1
Suppose 2*b + h = 2*h + 2930, -5*b + 3*h = -7327. What is the tens digit of b?
6
Let t = -77 - -209. What is the tens digit of t?
3
Suppose 0 = -11*h + 6*h. Suppose 3*a - 61 = 2*d, h = 5*d - 4*a + 40 + 130. Let n = d + 59. What is the tens digit of n?
2
Suppose -2*a - 2*p = -p - 12190, -2*a = -7*p - 12222. What is the units digit of a?
7
Suppose 4*z + 243 - 1251 = 0. What is the hundreds digit of z?
2
Let z be (-296)/24 - (-1)/3. Suppose -n = -4*j + 2, j = -4*n + 7 + 2. What is the units digit of 16/(-4) - (j + z)?
7
Let p(j) = -21*j - 38. What is the tens digit of p(-25)?
8
Suppose -13092 = -41*k + 29*k. What is the thousands digit of k?
1
Let y = -180 + 1070. What is the units digit of y?
0
Let m be 0 + -1 + -2 + 1. Let g = 4 + m. Suppose -u + 5 = -b + g*u, -2 = b - 2*u. What is the units digit of b?
4
Let k be (2/(-4))/((-9)/54). Let r(f) = -30*f**k + 39*f**3 - f**2 + 67*f**3. What is the units digit of r(1)?
5
Suppose 0 = -16*g + 22*g - 300. Suppose -2*y + 246 = -4*f - g, y + 3*f = 153. What is the tens digit of y?
5
Let x = -169 + 174. What is the tens digit of (-22 - (x + -1))*(-2 + 1)?
2
Suppose -128*s - 1720 = -138*s. What is the hundreds digit of s?
1
Suppose 2*u = -7*h + 3*h + 28, 3*u - 22 = -2*h. Suppose 280 = u*t + 68. What is the units digit of t?
3
Let h(y) = 9*y**3 - 3*y - 2. Let p be h(-3). Let a = -167 - p. What is the tens digit of a?
6
Let a(s) = -2*s**3 + 19*s**2 + 13*s - 6. Suppose 0*r + w + 32 = 4*r, -52 = -4*r - 4*w. What is the hundreds digit of a(r)?
1
Let n(s) be the second derivative of s**4/12 - 2*s**3/3 + s**2 + 65*s. Let g be (-17)/(-2) + (-1)/2. What is the tens digit of n(g)?
3
Suppose -21 = -3*i - i - b, -2*b = -3*i + 2. Let z(r) = 2*r + i*r**2 - 10*r + 0*r - 1 + 9*r. What is the units digit of z(-2)?
3
Let v(m) = 4*m - 2. Let w(u) = -8*u + 1 - 1 + u + 4. Let p(l) = 5*v(l) + 3*w(l). What is the units digit of p(1)?
1
Let a(w) = w**2 - 8*w + 10. Let x be a(7). Suppose 3*j + 0*j - k = 9, -x*k = -2*j + 6. What is the units digit of ((-6)/(-4))/(j/22)?
1
Let b(h) = 8*h + 9. Let l(k) = 7*k + 8. Let s(c) = -5*b(c) + 6*l(c). Suppose -22 = -8*j + 10. What is the units digit of s(j)?
1
Let l be (4/12)/(1/18). What is the units digit of ((-9)/l)/(3/(-162))?
1
Let b(z) = z**2 + 3*z - 2. Let x be b(-3). Let v be (0/(x - 0))/3. Suppose v = 3*g + f - 72, -2*f = 5*g - f - 120. What is the units digit of g?
4
Let o = -29 - -31. Suppose -g = 5*n + 353 + 150, 0 = 5*n + o*g + 501. Let b = n - -160. What is the tens digit of b?
5
Suppose 25*r = 27*r + 2*v - 768, 5*r - 1920 = v. What is the tens digit of r?
8
Suppose 0 = -4*n + 4, 3*b = n + 19 + 4. Suppose -89 = 7*z - b*z. What is the tens digit of z?
8
Let k(f) be the first derivative of f**3 + f**2 - f - 3. What is the tens digit of k(4)?
5
Let o(x) = x**3 + 11*x**2 - 11*x + 15. Let t be o(-12). Suppose -t*y = -378 + 75. What is the tens digit of y?
0
What is the tens digit of 18*(8/4 + 6)?
4
Suppose 4*y = -i + 21, -5*i - 1 = 4*y - 10. Suppose -2782 + 754 = -y*a. What is the units digit of a?
8
Suppose 0 = -8*g - 1054 + 12470. What is the hundreds digit of g?
4
Suppose -5093*l = -5099*l + 17706. What is the units digit of l?
1
Suppose 181 = 4*d - 575. What is the tens digit of d?
8
What is the hundreds digit of ((-642)/(-428))/(3*(-2)/(-5768))?
4
Let g(n) = -7 + 14*n**2 + 2 + 6*n - 2 + 0. What is the units digit of g(2)?
1
Let y = 1835 - 1129. What is the hundreds digit of y?
7
Let u = 997 + -616. What is the tens digit of (-72)/(-96) - u/(-4)?
9
Let y(u) = 3*u**2 - 7*u + 6. Let b(d) = 3*d**2 - 7*d + 7. Let f(x) = 4*b(x) - 3*y(x). What is the tens digit of f(5)?
5
Let d(r) = 4*r - 59 - 50 + 166. What is the hundreds digit of d(25)?
1
Let q(w) = w**2 + 2*w - 20. Suppose -5*l + 4*l = 5*z + 52, 0 = 2*l - 6. What is the tens digit of q(z)?
7
Suppose 0 = 2*r + g - 26, 6*r - 62 = 2*r + 3*g. Let i = 16 - r. Suppose -20 = -4*s + i*s. What is the units digit of s?
0
Let n = -1 - 1. What is the units digit of (11/n + 4)*-2?
3
Let u(w) = w**2 - 3*w + 1. Let o be u(4). Let q(f) = -f + 10. Let i be q(o). Suppose -2*p + 88 = i*v, 3*p + 2*v = -0*p + 110. What is the units digit of p?
4
Let m = 36 - 36. Let y be 125 + (-3)/(2/(-2)). Suppose -d + 3*t + 46 - 2 = m, -4*d - 4*t = -y. What is the units digit of d?
5
Let r(y) = -y**3 - 2*y**2 - 2*y. Let b be r(-1). Let v(l) = 36*l**2 - l - 1. What is the units digit of v(b)?
4
Let s(b) = 1. Let t(n) = 16*n**2 + 5*n. Let p(f) = -5*s(f) + t(f). What is the units digit of p(2)?
9
What is the tens digit of 1/(-3 - (-4026)/1341)?
4
Let k(r) = -2*r - 20. Let p be k(-10). Suppose -5*a + 25 = p, -4*t - 2*a + 4*a = -206. What is the units digit of t?
4
What is the units digit of (-96 - (-30 + 14))*(-12)/10?
6
Let y(u) = 10*u**2 + 8*u + 260. What is the hundreds digit of y(-18)?
3
Suppose 2*t + 1712 = -o + 5063, -2*t = -2*o - 3342. What is the hundreds digit of t?
6
Let f(s) = 83*s + 3132. What is the units digit of f(0)?
2
Suppose 2*x = -5*g + 3725, -1531 = -2*g - 2*x - 41. Suppose 3*a = -31 + g. What is the units digit of a?
8
Suppose v = -v + 10. Suppose -399 = -v*h - 0*l - 3*l, -4*l + 397 = 5*h. Suppose x + h = 4*x. What is the units digit of x?
7
Let t = 13 - -4. Let x = -19 + t. What is the tens digit of x - (3 - 20)*2?
3
Suppose 10*i - 249 = 7*i. Let q = i + -53. What is the tens digit of q?
3
Let y be 516/26 + (-10)/(-65). Let j = 16 - y. What is the units digit of (-22 - 2)*j/8?
2
Let s(b) = 498*b**2 + 2*b - 4. What is the units digit of s(1)?
6
Suppose 3*g + 2*j + 617 = j, 0 = 3*g + 5*j + 601. Let i = -92 - g. What is the units digit of i?
5
Let f be (2/(-1))/(-4 - 21/(-6)). Suppose -1185 = -4*n - 3*h, -f*n + 3*h + 665 = -502. What is the units digit of n?
4
Suppose -4*n = -7*n. Let a be -1 + (-3 + n - -8). Suppose -5*x + a = k, -2*x + 7 = x - 4*k. What is the units digit of x?
1
Let b = 1 - 1. Suppose b = -4*h + h + 9. What is the units digit of 13 + (h/(-3))/(-1)?
4
Suppose 10 - 2 = l. Let n = 15 - l. Suppose -2*m + 7*m - n = -x, -3*m + 45 = 3*x. What is the units digit of x?
7
Let g = 550 + -145. What is the units digit of g?
5
Suppose -b + 2 = -2. Suppose -5*m - 27 - 54 = -i, 0 = -b*